ctors of v?
2, 3, 29
Suppose 8*h - 1201 = 775. Suppose -2*r = -h + 87. What are the prime factors of r?
2, 5
Let z(j) = -4*j + 6. Let u be z(-6). Suppose -4*h = -0*h - 2*y - 4, -2*h = 4*y - 12. Suppose 3*a - u = h*a. List the prime factors of a.
2, 3, 5
Let v be ((2 + -4)/(-4) + 2)*150. Suppose -x + 2 + v = 4*i, 5*i - x - 460 = 0. What are the prime factors of i?
3, 31
Suppose 10*f = 5910 + 40330. What are the prime factors of f?
2, 17
Let z be 140/(-30)*(-180)/7. Let r be (-3)/9 - z/18. Let n(j) = 2*j**2 + 8*j - 2. What are the prime factors of n(r)?
2, 5
Suppose -140 = -9*s + 2*s. Suppose -2*o - 3*o = -3*k + 15, 4*k - s = -2*o. Suppose q - 4*r = 8, k*r + 115 = -q + 6*q. List the prime factors of q.
2, 7
Let z = 140 + -50. Suppose -3*t - o = -t - 94, 2*t + 2*o = z. What are the prime factors of t?
7
Let w(o) = -103*o + 47. What are the prime factors of w(-9)?
2, 487
Let i be (-2 + 2 - -3) + 7. What are the prime factors of 132/8 - 5/i?
2
Suppose 4*a = -2*l + 62, -4*a + 4*l = -3*a - 20. Suppose 13*r = a*r - 96. List the prime factors of r.
2
Suppose -n = 5*m - 27, 2*n = 2*m - 0*m - 6. Let l(v) = -v - 9. Let i be l(-4). What are the prime factors of (-51)/(-1) - i/m?
2, 13
Let d be (-2)/(-6) - 4/12. Suppose d = -9*v + 10 + 422. List the prime factors of v.
2, 3
Let y(r) = r**3 + 30*r**2 - 20*r - 20. Let v be y(-30). Suppose -203*d + 207*d - v = 0. What are the prime factors of d?
5, 29
Let o(r) = 2*r**2 - 24*r - 36. List the prime factors of o(-11).
2, 5, 47
Let y(s) = 5*s**2 - 36 - 5*s - 6*s**2 + 39. List the prime factors of y(-5).
3
Let j be (-22)/(-44)*(1 - 3). Let m(n) = -n**2 + n + 2. Let k be m(j). Suppose -4*y + 190 = -d - k*d, 2*y = -d + 92. What are the prime factors of y?
47
Suppose 6 = -m - s + 5*s, 0 = 3*m - s - 4. Suppose m*v = -0*l - 2*l + 314, -3*l = -3*v + 453. What are the prime factors of v?
2, 7, 11
Let q(m) be the first derivative of m**4/12 - 5*m**3/6 + 9*m**2/2 + 2*m - 5. Let p(s) be the first derivative of q(s). What are the prime factors of p(6)?
3, 5
Let l = -57 - -75. What are the prime factors of 5/(75/l)*45/2?
3
List the prime factors of 10/4*319802/265.
7, 431
Let t be 229/(-6) + (-8)/(-48). Let k = -23 - t. What are the prime factors of k?
3, 5
Suppose -3*x + 2 = -2*x. What are the prime factors of 292/x + (7 - 1)/6?
3, 7
What are the prime factors of 1368/135 + 4/(-30)?
2, 5
Suppose 17*y = 18*y + 22. List the prime factors of (-1903)/y - 3/(-2).
2, 11
Let a = 325 - -215. List the prime factors of a.
2, 3, 5
Suppose -5*k = -b - 1885, -2*k + 7*b - 4*b = -754. What are the prime factors of k?
13, 29
Let m = -20 - -20. Suppose m = -2*n + 2, 2*n - 36 = -2*y - 2. What are the prime factors of y?
2
Let g be 74/(-2 + (4 - 0)). Suppose -3*k - 12 = f - 43, f - 3*k - g = 0. What are the prime factors of f?
2, 17
Suppose 0 = -5*n + 54 - 369. Let x = n + 154. What are the prime factors of x?
7, 13
Let q = -2681 + 6161. What are the prime factors of q?
2, 3, 5, 29
Let v(o) = o**3 + o**2 - o + 3. Let u be v(3). Suppose 2*n = -n + u. Suppose 19 = q - n. List the prime factors of q.
31
List the prime factors of 2317/14*(0 - -2).
331
What are the prime factors of 45/(-12)*(-896)/6?
2, 5, 7
Suppose z = 2*z - 21. Let j(y) = 0*y**2 + 2*y**2 + z*y - 25*y - 4. List the prime factors of j(5).
2, 13
Suppose -5*i = -2*m - i - 6, 5*m = 5*i + 5. Suppose -x - m = -q, 0*x = 3*x - 3. Suppose 2*g = q, 3*u - g - 36 = -2*g. What are the prime factors of u?
11
Suppose -13 = 3*p - 7*p - v, 3*v - 15 = -4*p. Let y(q) = -q**2 + 2*q - 1. Let l be y(p). Let j = l - -23. What are the prime factors of j?
19
Suppose -t = -5 + 8, -3*k - 2*t = -3. Suppose -k*a + 63 = 2*y - 6*y, 72 = 3*a - y. What are the prime factors of a?
5
Let m(i) = i**2 - 3*i. Let w be m(3). Suppose k + 4*k - 30 = w. Suppose 0 = k*y - 3*y - 72. List the prime factors of y.
2, 3
Suppose 0 = 10*y - 6*y + 4*u + 16, 4*y - 4*u = -40. Let n(f) = 3*f**2 + 9*f + 15. What are the prime factors of n(y)?
3, 11
Let r(t) = -t - 10. Let h be r(11). Let l be 0 - 4/(-4)*h. What are the prime factors of 22/3 - (-7)/l?
7
Let m be (3 - (-2 + 5)) + 110. Suppose -8*v = -7*v - m. Suppose 0 = -c - 4*c + v. What are the prime factors of c?
2, 11
Suppose 106*s - 4*k - 2136 = 102*s, 0 = -4*s + 3*k + 2135. What are the prime factors of s?
13, 41
Let t(b) = b**2 - 24*b - 144. List the prime factors of t(-29).
7, 199
Let c(d) = -337*d - 5. Let z be c(1). Let m = -218 - z. List the prime factors of m.
2, 31
Suppose -5*s = 5*a - 1 + 6, -4*a + 5*s = -23. Let i(f) = 2*f**2 + f - 7. What are the prime factors of i(a)?
3
Let v(d) = -d**3 + 8*d**2 - 9*d - 13. Let p be v(6). Suppose 4*x - 693 = -p*x. What are the prime factors of x?
7, 11
Let y = -28 + 57. Let s = y - 15. Suppose -x + 17 = -p - 9, 3*p = -x + s. List the prime factors of x.
23
Let g(u) = 17*u**2 - 11*u - 29. What are the prime factors of g(-5)?
11, 41
What are the prime factors of ((-5086)/20 - 10/50)*-2?
509
Let x(j) = -20*j**3 + 6*j**2 + 7*j - 1. What are the prime factors of x(-4)?
3, 449
Suppose -p - 161 = 4*r, -36 = 2*r - 5*p + 39. Let o = -2 - r. What are the prime factors of o?
2, 19
Let q(n) = -3*n - 40. Let o be q(5). List the prime factors of -3 + (-160)/3*132/o.
5
Let g(r) = r + 8. Let h be g(-13). What are the prime factors of 64/(-30)*6*h?
2
Let p(v) be the second derivative of 7*v**2 + 1/20*v**5 + 3/4*v**4 - 12*v + 3/2*v**3 + 0. List the prime factors of p(-7).
7
Suppose -20*a = -6*a - 280. List the prime factors of a.
2, 5
List the prime factors of (-8 + 536/20)/(3/570).
2, 19, 47
Let x(b) = -b**3 - 7*b**2 + 3*b + 17. Let q be x(-8). Suppose 8*n + q = 993. What are the prime factors of n?
3, 13
Let m be (-2)/(-2) + 3 + 0. Suppose v + 1 = m. Suppose v*g = 10 + 5. List the prime factors of g.
5
Suppose -17 + 5 = -4*l. Suppose 0 + 12 = l*n, 3*n + 12 = -4*i. What are the prime factors of 42 - 5/(10/i)?
3, 5
Suppose -828 = -7*g + 215. Suppose 26 = -3*c + g. What are the prime factors of c?
41
Let z be (0 - -1)*(3 - 0) + -94. Let q = z - -94. List the prime factors of q.
3
Let t(n) = 3*n**2 + 9*n - 8. Let u(g) = -g**2 + g - 1. Let w(h) = -t(h) - 4*u(h). List the prime factors of w(15).
2, 3, 7
Suppose 3072 = 5*w - m, -5*w + 1798 = 4*m - 1289. List the prime factors of w.
3, 5, 41
Suppose 0 = 4*l - r + 40, l - 2*l - 5 = r. Let g(m) = -67*m + 1. Let o be g(-2). List the prime factors of (l/(-27))/(1/o).
3, 5
Suppose 0 = -5*r + 3*k + 5246, -321 = 4*r + 2*k - 4509. Suppose 13*u - r = 5*u. List the prime factors of u.
131
Let f(s) be the second derivative of 7*s**4/3 - s**3/6 - s**2 - 4*s. List the prime factors of f(-1).
3
Let n(a) = -18*a**2 - 13*a - 2. Let v(p) = -6*p**2 - 4*p - 1. Let t(r) = 2*n(r) - 7*v(r). Let b = 0 - 2. List the prime factors of t(b).
23
Let g = 28 + 73. List the prime factors of g.
101
Suppose 8 = -2*p + 2*s, -2*s - 14 - 13 = 3*p. Let b(j) = -j**2 - 6*j + 5. Let w be b(p). What are the prime factors of (-312)/(-5) - w/(-5)?
2, 31
Suppose -p - 16 + 15 = 0. What are the prime factors of 14/(8/4)*(-4)/p?
2, 7
Suppose m = -247 + 281. List the prime factors of m.
2, 17
Let v be (6 + -5)*-2*-2. Let u(h) be the first derivative of 2*h**3/3 + 3*h**2 - h - 1. List the prime factors of u(v).
5, 11
Let i(w) = w**2 + 6*w - 1. Let q be i(-5). Let r be (q/3)/(1 + -2). Suppose 118 + r = 5*y. What are the prime factors of y?
2, 3
Let u(z) = -z**2 + 5*z + 3. Let v be u(5). Suppose v*h = 8 + 13. Suppose 0 = i - 23 + h. List the prime factors of i.
2
Let s = -4675 + 6743. List the prime factors of s.
2, 11, 47
Let z = -206 + 351. Suppose -4*n + z = 53. What are the prime factors of n?
23
Let s = 17 - 15. Suppose -3*q - 17 = 5*g + 9, s*q = 3*g + 27. Let t(o) = -o**2 - 11*o + 13. What are the prime factors of t(g)?
41
Let c = -3 - -3. Let j be (2 - (3 - 0))*c. List the prime factors of (-16)/(-1) - j/(-2).
2
Let b(a) = 2*a + 10. Let q = -19 - -14. Let l be b(q). Suppose 0*r - 3*r + 87 = l. List the prime factors of r.
29
Let x be 27/(-36)*8*2. Let c(j) = -5*j - 3. What are the prime factors of c(x)?
3, 19
Suppose -16*h + 18*h + 740 = 2*x, -x + 350 = 3*h. List the prime factors of x.
5, 73
Suppose 0 = 6*z - 615 - 1551. What are the prime factors of z?
19
Let w = 663 + -312. List the prime factors of w.
3, 13
Let q(r) be the third derivative of 0